6423 a composite number?
False
Is 425879 prime?
True
Is 58582327 composite?
True
Is 75499442 a composite number?
True
Is 12460867 prime?
True
Is 482131 a composite number?
True
Is 77364379 prime?
False
Is 45380899 prime?
True
Is 36259943 a composite number?
False
Is 10730569 prime?
True
Is 3689801 a prime number?
False
Is 39106967 prime?
True
Is 5918623 composite?
False
Is 3131879 a composite number?
False
Is 150131747 a composite number?
True
Is 5446957 a prime number?
False
Is 423847 composite?
False
Is 329405267 prime?
False
Is 690233 a composite number?
False
Is 51210713 a prime number?
False
Is 157103 a prime number?
True
Is 3551983 composite?
True
Is 13169171 a composite number?
False
Is 16883053 composite?
True
Is 4169293 a composite number?
False
Is 2190809 a composite number?
False
Is 149265353 prime?
False
Is 6837029 a composite number?
False
Is 156947957 a composite number?
True
Is 1620705323 a prime number?
True
Is 6266735 a composite number?
True
Is 10414811 composite?
True
Is 12441661 a prime number?
True
Is 371027 a prime number?
True
Is 8198773 prime?
False
Is 122392801 a composite number?
True
Is 58501979 a prime number?
False
Is 84536009 a composite number?
True
Is 112698809 a composite number?
True
Is 91807489 prime?
False
Is 137627 composite?
True
Is 575357 prime?
False
Is 89295179 a composite number?
False
Is 3134387 a composite number?
False
Is 14725426 a composite number?
True
Is 5701863 a composite number?
True
Is 272494993 prime?
True
Is 287121671 prime?
False
Is 7281857 prime?
False
Is 476521 prime?
False
Is 10495697 a prime number?
True
Is 23901013 composite?
True
Is 2131321 composite?
False
Is 211807 a composite number?
True
Is 2112947 a composite number?
True
Is 15366503 composite?
False
Is 7231559 composite?
False
Is 2197043 a prime number?
True
Is 751801 composite?
True
Is 970977193 a composite number?
False
Is 176754143 composite?
True
Is 60883729 composite?
True
Is 3054427 composite?
True
Is 109615619 prime?
True
Is 524779861 a composite number?
True
Is 8689677 composite?
True
Is 9920977 a prime number?
False
Is 16387411 a composite number?
True
Is 41272613 composite?
False
Is 105751 composite?
False
Is 259424299 a composite number?
False
Is 96817649 composite?
True
Is 3904051 a prime number?
True
Is 6842593 composite?
False
Is 1894183 a prime number?
False
Is 61682667 a prime number?
False
Is 1364959 a composite number?
True
Is 3392837 composite?
True
Is 293732203 composite?
False
Is 192738101 a composite number?
True
Is 53316059 a prime number?
True
Is 176113073 composite?
False
Is 4085327 composite?
True
Is 59234999 a composite number?
False
Is 130808227 prime?
False
Is 182851759 a composite number?
True
Is 118339 a composite number?
True
Is 569983 a prime number?
True
Is 51042457 a prime number?
True
Is 26456471 prime?
False
Is 12894439 a prime number?
True
Is 754703 prime?
True
Is 37994333 composite?
True
Is 87070717 a composite number?
False
Is 571743115 a composite number?
True
Is 4349753 prime?
True
Is 6145159 a composite number?
False
Is 219968561 a composite number?
True
Is 4328749 a composite number?
False
Is 40894934 composite?
True
Is 92260097 prime?
True
Is 11270027 a prime number?
True
Is 158919 a prime number?
False
Is 106635187 a prime number?
False
Is 8618681 composite?
False
Is 83691715 composite?
True
Is 56809553 a prime number?
True
Is 800138 a composite number?
True
Is 3875537 a prime number?
True
Is 984271271 prime?
True
Is 9041509 prime?
False
Is 102182369 a prime number?
True
Is 50589347 a prime number?
True
Is 270153319 a prime number?
False
Is 63721739 composite?
False
Is 277887139 a prime number?
True
Is 9158873 composite?
False
Is 452953 a prime number?
True
Is 391120531 composite?
True
Is 39285641 a prime number?
False
Is 10752997 a composite number?
True
Is 21322177 prime?
False
Is 6251081 composite?
True
Is 513176693 a composite number?
False
Is 725929 prime?
True
Is 3688393 composite?
False
Is 10370641 a prime number?
True
Is 887959 a prime number?
False
Is 30111731 a composite number?
True
Is 4789927 prime?
False
Is 122063 a prime number?
False
Is 2389957 composite?
True
Is 1847969 a prime number?
True
Is 18869623 a prime number?
True
Is 59933299 composite?
True
Is 196132103 a composite number?
False
Is 6504923 composite?
False
Is 476249633 composite?
False
Is 33507443 prime?
True
Is 97242041 composite?
True
Is 161597697 a prime number?
False
Is 3735709 composite?
False
Is 92053687 a prime number?
False
Is 17331497 composite?
False
Is 6380809 a prime number?
False
Is 34570441 prime?
False
Is 4126079 prime?
False
Is 18267 composite?
True
Is 114026074 prime?
False
Is 4864885 a prime number?
False
Is 5512687 a composite number?
False
Is 8800333 a prime number?
False
Is 4405867 a prime number?
True
Is 2024413 a prime number?
True
Is 12106781 a prime number?
False
Is 2180797 a prime number?
True
Is 987233 a prime number?
False
Is 78683951 a composite number?
False
Is 2988661 a composite number?
True
Is 43503221 prime?
False
Is 6847649 composite?
False
Is 133215949 composite?
False
Is 742966831 prime?
True
Is 24595801 a composite number?
False
Is 5209381 a prime number?
True
Is 9635953 a prime number?
True
Is 849304958 composite?
True
Is 31354859 a composite number?
True
Is 378830441 a prime number?
False
Is 623695 prime?
False
Is 35613373 composite?
False
Is 28902641 a composite number?
True
Is 11683877 a composite number?
False
Is 12071087 a composite number?
True
Is 372263 a composite number?
False
Is 18549169 a prime number?
False
Is 4416899 prime?
False
Is 249496303 composite?
True
Is 153941 composite?
False
Is 32103529 prime?
True
Is 3972797 a prime number?
False
Is 5423073 composite?
True
Is 3545387 a composite number?
False
Is 648793571 composite?
False
Is 748135831 composite?
False
Is 100360153 a prime number?
False
Is 21398327 a composite number?
False
Is 80724283 prime?
False
Is 957065 composite?
True
Is 35383 composite?
True
Is 33392117 prime?
False
Is 23429867 prime?
False
Is 51281177 composite?
True
Is 3212711 prime?
False
Is 20358239 a composite number?
True
Is 73522157 a composite number?
False
Is 158252977 a composite number?
True
Is 2030447 prime?
False
Is 7795927 a composite number?
False
Is 41221123 composite?
False
Is 136229713 a prime number?
False
Is 375866357 composite?
True
Is 383625433 a composite number?
False
Is 568409183 prime?
True
Is 6399251 composite?
False
Is 2720873 prime?
False
Is 63197 composite?
False
Is 8903491 a prime number?
True
Is 80195177 a composite number?
True
Is 1275587 composite?
True
Is 4028807 a composite number?
False
Is 6380347 a composite number?
False
Is 5645047 composite?
False
Is 85028389 prime?
True
Is 2336371 composite?
True
Is 9002519 composite?
False
Is 21109453 a composite number?
True
Is 7660463 prime?
False
Is 1201019 composite?
False
Is 78357791 a prime number?
True
Is 284133601 a composite number?
True
Is 13561627 prime?
False
Is 2820601 prime?
False
Is 442950557 a composite number?
True
Is 96903221 prime?
True
Is 37780711 prime?
True
Is 477259 a prime number?
True
Is 15700133 composite?
False
Is 6392446 prime?
False
Is 5686631 a prime number?
True
Is 49188179 a composite number?
True
Is 1803631 prime?
False
Is 28952431 composite?
False
Is 13551373 a prime number?
False
Is 1773563 prime?
False
Is 1639943 prime?
False
Is 3737473 composite?
True
Is 2993399 prime?
True
Is 987267 a composite number?
True
Is 14200805 a prime number?
False
Is 77760409 a composite number?
True
Is 3253417 prime?
True
Is 7163671 a prime number?
False
Is 25906067 composite?
True
Is 217708741 composite?
False
Is 13203529 a composite number?
True
Is 78569269 prime?
False
Is 12860293 a composite number?
False
Is 635119 a prime number?
True
Is 33477643 composite?
False
Is 4259063 a prime number?
True
Is 2869613 a composite number?
False
Is 9641773 prime?
False
Is 2677406 a composite number?
True
Is 21946433 composite?
True
Is 949979 prime?
True
Is 21893917 a prime number?
False
Is 73796603 composite?
False
Is 81903593 a prime number?
True
Is 23947279 a prime number?
True
Is 45974027 a prime number?
False
Is 1610249 prime?
False
Is 3634097 composite?
False
Is 4739659 composite?
False
Is 119595299 a composite number?
False
Is 901655 a prime number